b(-6). Suppose 635 = 16*r - l. Let m = -5 + 33. Calculate the remainder when r is divided by m.
23
Let a(l) = l + 2. What is the remainder when 5/10*12/9*(-15561)/(-266) is divided by a(3)?
4
Let o = 11623 - 11294. Calculate the remainder when 676 is divided by o.
18
Suppose -5*y + 139 = -3*d - 7*y, 3*d + 145 = -5*y. Let z = d - -51. Calculate the remainder when 71 is divided by z.
5
Let d = 340 - 446. Let h = d - -144. What is the remainder when h is divided by ((-117)/(-6))/(-3)*-2?
12
Suppose 2*a + 37 = 53. Suppose -a = -4*z - 40. What is the remainder when (-1779)/(-21) + z/(-28) is divided by 22?
19
Let p(z) be the third derivative of 0 - 1/24*z**4 + 0*z - 7/6*z**3 + 15*z**2. Calculate the remainder when p(-20) is divided by 3.
1
Let u = -166 + 170. Suppose -u*i = 2*n - 152, 8*i + 5*n = 5*i + 107. Calculate the remainder when 155 is divided by i.
38
Let t = 121 + -61. Let x(d) = -4*d + 19. Suppose -v - 137 = -134. Calculate the remainder when t is divided by x(v).
29
Let x = 120 - 118. Let p be (12 - -48)/((-6)/4). Calculate the remainder when x is divided by (-3)/1 + p/(-8).
0
Let t be (32144/(-40))/(-14) + (-4)/10. Let q = t - -112. Suppose 228 = 2*l + 2*l. Calculate the remainder when q is divided by l.
55
Suppose -239*s + 244*s = 2*m - 815, 5*m - 2132 = -s. Calculate the remainder when m is divided by 69.
11
Let s(k) = -k. Let x be s(-4). Let t = 1 - -20. Suppose -2*f + l = -11, -3*l = 2*f - x*f + t. Calculate the remainder when 17 is divided by f.
2
Let b(k) = -52 - 75 - 3*k + 0*k + 91. What is the remainder when b(-17) is divided by 9?
6
Suppose 0 = -3*o + 3 + 3. Suppose 2*l = -o*l + 80. Suppose -477*q + 2418 = -446*q. What is the remainder when q is divided by l?
18
Let q(d) = -14*d + 111. Calculate the remainder when q(7) is divided by (18/12)/(6/16).
1
Let q = 11175 + -10525. Calculate the remainder when q is divided by 635.
15
Let b = -5926 + 5970. What is the remainder when 213 is divided by b?
37
Let n = 38 + -20. Suppose 3*t - 69 = -n. Let y = -101 - -201. Calculate the remainder when y is divided by t.
15
Suppose -19*a - 45*a = 81*a - 68295. Calculate the remainder when a is divided by 28.
23
Suppose 99*s - 29725 + 28041 - 118502 = 0. Calculate the remainder when s is divided by 324.
242
Let f = 229 + -239. Let v(m) = -6*m + 147. What is the remainder when v(f) is divided by 35?
32
Let a(v) = 31*v - 40. Let c be a(8). Let o = c + -126. Calculate the remainder when o is divided by 14.
12
Let o(m) = m**3 + 11*m**2 - 101*m + 56. Calculate the remainder when 168 is divided by o(-17).
12
Let a(r) = r**2 - 5*r - 2. Let d(q) = -6*q + 49. Let x be d(6). What is the remainder when a(x) is divided by 13?
11
What is the remainder when 1959 is divided by (-4 - (-609)/(-14))*((-81)/(-45) + -3)?
21
Let z = -20219 + 20222. Calculate the remainder when (1 + 1/2)*4 is divided by z.
0
Suppose -4*b + r + 11648 = 0, b + 44*r = 41*r + 2899. What is the remainder when 8734 is divided by b?
1
Suppose -22 - 28 = -5*w. Let g be (-36)/(-21)*(-42)/(-12). Suppose g*o - 56 = -2*o. What is the remainder when w is divided by o?
3
Let u(k) = k**3 + 6*k**2 + 6*k - 6. Let s be u(-4). Let z(d) = 2*d**2 + 2*d - 8. Let y = 12 - 8. What is the remainder when z(s) is divided by y?
0
Suppose 0 + 63 = 9*c. Suppose -c*f - 28 + 63 = 0. Calculate the remainder when 128 is divided by f.
3
Suppose f + 503 = -170. Let a = f + 816. What is the remainder when a is divided by 47?
2
Let c(u) = -20*u + 21. Let z be (4/(4/3) + -3)/2. Calculate the remainder when 75 is divided by c(z).
12
Suppose 0*l + 178 - 691 = -27*l. Let c(q) be the third derivative of q**5/60 - 3*q**4/4 - 17*q**3/6 - q**2. Calculate the remainder when 5 is divided by c(l).
1
Suppose -5*o = -141 + 41. Let w = -55274 - -55301. What is the remainder when w is divided by o?
7
Let h = 138 + -68. Suppose 18*d - 23*d = -h. Suppose 0 = d*c - 11*c - 21. Calculate the remainder when 17 is divided by c.
3
Let o(z) = 13*z - 66. Suppose 0*m + 5 = -m, 0 = -5*t + 5*m + 115. Let g = t - 0. Calculate the remainder when g is divided by o(6).
6
Suppose -2258 = -12*g - 51*g + 6184. Calculate the remainder when 2944 is divided by g.
130
Suppose 7*b = 8*b + 2*g - 22, -4*b - 4*g + 68 = 0. Suppose b*k = 5*k + 210. Calculate the remainder when 147 is divided by k.
27
Suppose -4*f + 0*i - 2*i + 416 = 0, -2*i = 4. What is the remainder when 2304 is divided by f?
99
Let s = 2084 - 2022. What is the remainder when 539 is divided by s?
43
Suppose 51*z - 2068 - 1489 - 3124 = 0. Calculate the remainder when 1711 is divided by z.
8
Let l = 4 - -2073. Calculate the remainder when l is divided by 65.
62
Let f = 99 + -94. Let d be (-2)/f - 16/120*-123. Suppose -3*s + 4*r + d = s, -3*s - 5*r + 44 = 0. Calculate the remainder when 95 is divided by s.
7
Let m = 35 - 2. What is the remainder when 9*(-434)/(-63) + (-2)/(-4)*-2 is divided by m?
28
Suppose -2*v + 5*k + 291 = 2*v, -2*v = 4*k - 126. Let b = v + -27. Suppose 3*p - b = -z, z - p = 2*p + 54. Calculate the remainder when z is divided by 10.
8
Let k(c) = 48*c - 2779. What is the remainder when k(69) is divided by 65?
13
Suppose 0 = -9*n + 5*n - 3*j + 483, 5*n + 5*j - 600 = 0. Suppose -n = -16*r + 69. Let h(z) = z - 1. What is the remainder when r is divided by h(5)?
0
Let b be (6/(-9))/((-2)/(-27)). Let c be (-3 + 0)/(b/195). Let n = c - -4. Calculate the remainder when n is divided by 19.
12
Let w(k) = 75*k + 181. Let t be w(0). Let g = t + -171. What is the remainder when 398 is divided by g?
8
Let h(u) = -3*u**3 + 6*u**2 - 16*u + 4. Let a(b) = b**3 - 2*b**2 - 1. Let o(s) = -2*a(s) - h(s). Calculate the remainder when 987 is divided by o(3).
52
Let n(t) = -t - 22. Let l be n(-19). What is the remainder when 14 is divided by 15 - 15 - -6*l/(-2)?
5
Suppose 60 = 11*h + 5. Calculate the remainder when 43 is divided by 18 - (6 + (-1 - 20/h)).
9
Let u = -3 - -2. Let p = 87295 + -87273. What is the remainder when u/(-4) - (-342)/8 is divided by p?
21
Suppose -2*h + 4044 = 5*s, 38 = 5*h + 28. Calculate the remainder when s is divided by 263.
19
Suppose 2*v - 92 + 374 = 4*q, -4*q + 279 = v. Suppose 95 = 5*x - q. Suppose -160 = -6*a - 2*a. What is the remainder when x is divided by a?
13
Let q be 6 - (-1 + 2/1). Suppose 5*v + 2 = -3, q*h - 115 = 5*v. What is the remainder when 346*((-90)/12 - -8) is divided by h?
19
Let a(f) = 36*f - 26. Suppose -2*x + 21 = 17. What is the remainder when 1269/7 + 2/(-7) is divided by a(x)?
43
Let a(d) = 24*d**3 - 2*d**2 + 1. Let y = -14297 - -14365. What is the remainder when y is divided by a(1)?
22
Suppose -5*m + 3*h + 734 = 0, 716 = 5*m + 7*h - 4*h. Calculate the remainder when 144 is divided by ((-3)/((-15)/m))/1.
28
Let l(d) = d**3 + 8*d**2 - 9*d + 13. Suppose s - 350 = 5*c, 12 = c + s + 76. Let r = 120 + c. What is the remainder when r is divided by l(-9)?
12
Let i(b) = 27*b**2 - 69*b + 23. What is the remainder when i(6) is divided by 15?
11
Let r be 1184/40 - ((-4)/10 - 0). What is the remainder when 24 is divided by 12/10*50/r?
0
Suppose 4*q = 7*j - 752, -10*j + 323 = -7*j - q. Calculate the remainder when j is divided by 40.
28
Suppose -h + 3*a - 7 = -26, -5*h + 23 = 3*a. What is the remainder when 21 is divided by h?
0
Let h = 44164 - 44155. Suppose 0 = 2*o - 0*o - 28. Calculate the remainder when o is divided by h.
5
Let z(m) = 4*m**2 + 5*m - 7. Let d(a) = 42*a**3 - 113*a**2 + 229*a - 4. Calculate the remainder when d(2) is divided by z(-5).
66
Suppose 51*s - 9656 = 3451. Calculate the remainder when s is divided by 16.
1
Let o(l) = 3*l + 86. What is the remainder when o(19) is divided by 23?
5
Let n = 3881 + -3838. What is the remainder when 673 is divided by n?
28
Suppose -17*k = -18*k + 153. Let v = 211 - k. Calculate the remainder when v is divided by 15.
13
Let p(u) = 1117*u**2 - 2*u + 4. Calculate the remainder when p(1) is divided by 371.
6
Let x = 1735 - 1825. What is the remainder when (18/4)/((-3)/(-54)) is divided by ((-66)/4)/(45/x)?
15
Let v(k) = 46*k - 393. What is the remainder when v(13) is divided by 60?
25
Let k be (107 + -24)/(1 - 2). Let s = -86 - k. Calculate the remainder when 185 is divided by (-62)/(4 - (8 + s)).
61
Let s(c) = -c**3 - 33*c**2 - 11*c - 346. Calculate the remainder when 8173 is divided by s(-33).
13
Suppose 